se 7) in base 15?
14c
-28631 (base 9) to base 6
-230044
What is 210433 (base 5) in base 4?
1231101
What is 1101122 (base 3) in base 8?
1770
1111002 (base 3) to base 4
100322
3310 (base 5) to base 16
1c7
Convert 10001100111001 (base 2) to base 3.
110100222
Convert -525 (base 12) to base 15.
-34e
What is -3672 (base 9) in base 15?
-c28
113211 (base 4) to base 6
10553
Convert -15414 (base 6) to base 5.
-40110
What is -2052 (base 6) in base 4?
-13100
Convert 25540 (base 7) to base 8.
15206
Convert 1171 (base 10) to base 2.
10010010011
-421 (base 10) to base 9
-517
Convert 32e (base 15) to base 9.
878
Convert 5044 (base 6) to base 16.
454
-759 (base 11) to base 2
-1110001111
Convert 5822 (base 15) to base 5.
1044312
What is -1111011000000 (base 2) in base 7?
-31644
-510 (base 10) to base 15
-240
374 (base 15) to base 4
30100
What is -2118 (base 9) in base 2?
-11000010100
Convert 1443 (base 5) to base 9.
305
b279 (base 15) to base 8
111471
What is 6187 (base 10) in base 12?
36b7
What is d31 (base 14) in base 3?
10112222
dc01 (base 16) to base 14
1674d
Convert 407 (base 10) to base 12.
29b
What is 326 (base 8) in base 5?
1324
What is 1000111100 (base 2) in base 13?
350
What is -1423 (base 7) in base 9?
-677
212110 (base 3) to base 14
333
1178 (base 10) to base 12
822
What is -23133 (base 11) in base 8?
-101230
Convert ab6 (base 14) to base 11.
1658
What is -1111000111 (base 2) in base 11?
-7aa
What is -2110000 (base 3) in base 12?
-1046
Convert 10102012 (base 3) to base 13.
1196
What is 4613 (base 8) in base 3?
10100111
25733 (base 8) to base 13
5158
What is 16303 (base 10) in base 13?
7561
What is 804 (base 12) in base 14?
5c8
Convert -70e (base 15) to base 12.
-b05
-501 (base 16) to base 4
-110001
Convert -132110 (base 4) to base 12.
-1158
3634 (base 12) to base 9
8314
-2984 (base 15) to base 12
-5197
Convert 307a (base 12) to base 7.
21250
-15027 (base 12) to base 3
-1111100011
-33111 (base 5) to base 2
-100011101001
Convert -7a (base 15) to base 16.
-73
-1928a (base 12) to base 4
-20331022
2102121 (base 3) to base 6
12111
What is 43000 (base 5) in base 11?
2184
-1322 (base 6) to base 5
-2323
Convert 9c1 (base 14) to base 9.
2577
What is 130 (base 6) in base 10?
54
Convert -8b9e (base 16) to base 4.
-20232132
What is -3c4 (base 13) in base 9?
-821
Convert -7026 (base 9) to base 10.
-5127
Convert -20010 (base 5) to base 16.
-4e7
-1152 (base 7) to base 12
-2b9
-2a57 (base 13) to base 16
-180c
-374 (base 10) to base 15
-19e
What is 3444 (base 5) in base 14?
279
11110000101011 (base 2) to base 9
23114
Convert 34541 (base 6) to base 15.
1707
-202 (base 7) to base 2
-1100100
What is 1671 (base 8) in base 4?
32321
Convert -101001010010 (base 2) to base 13.
-1283
What is -31350 (base 7) in base 5?
-221403
Convert -561a (base 11) to base 15.
-22d7
Convert -22654 (base 7) to base 4.
-1122331
Convert 1100001110001 (base 2) to base 10.
6257
What is 1191 (base 10) in base 12?
833
Convert 163a (base 12) to base 16.
a4e
What is 464 (base 12) in base 8?
1214
What is 3b811 (base 12) in base 16?
141cd
What is -11033 (base 6) in base 13?
-90c
What is 76 (base 11) in base 16?
53
da1 (base 14) to base 5
41224
Convert 4a174 (base 11) to base 16.
1198c
Convert 22 (base 10) to base 7.
31
Convert 433552 (base 6) to base 9.
54155
Convert -11bba (base 13) to base 12.
-16b6a
Convert -11206 (base 7) to base 4.
-230200
Convert -1e3 (base 15) to base 7.
-1164
Convert 131 (base 7) to base 15.
4b
-134 (base 11) to base 6
-422
What is -187 (base 16) in base 4?
-12013
What is 313054 (base 7) in base 15?
10e7a
What is -302113 (base 4) in base 7?
-12253
10001101111010 (base 2) to base 4
2031322
Convert 110425 (base 6) to base 14.
3517
-4b3 (base 14) to base 7
-2513
Convert 1102322 (base 4) to base 14.
1d10
What is 6 (base 11) in base 6?
10
Convert 803 (base 9) to base 15.
2d6
What is -18583 (base 15) in base 10?
-78873
What is -20021211 (base 3) in base 9?
-6254
Convert -789 (base 11) to base 3.
-1021222
What is -851 (base 14) in base 6?
-11331
2ed3 (base 16) to base 2
10111011010011
33 (base 13) to base 8
52
Convert 2020002 (base 4) to base 7.
34245
Convert -312c (base 14) to base 4.
-2010110
Convert 7223 (base 11) to base 13.
4493
-10409 (base 11) to base 3
-202202112
Convert -31bb7 (base 12) to base 10.
-65659
What is 375 (base 11) in base 6?
2021
Convert 7647 (base 8) to base 2.
111110100111
Convert 757 (base 8) to base 11.
410
-260 (base 8) to base 2
-10110000
33331 (base 5) to base 3
10012201
-222202 (base 4) to base 14
-dc6
What is -46 (base 11) in base 9?
-55
Convert -10010010000 (base 2) to base 14.
-5d6
-c77 (base 13) to base 3
-2220202
310410 (base 6) to base 3
1020222120
Convert -121200 (base 3) to base 10.
-450
Convert -1027 (base 12) to base 2.
-11011011111
What is 51212 (base 6) in base 7?
25520
-2002011100 (base 3) to base 10
-40941
9b5 (base 12) to base 4
112121
Convert 10102101121 (base 3) to base 5.
4123404
What is 173b (base 15) in base 16?
138e
Convert -2431 (base 7) to base 5.
-12104
What is -2031 (base 4) in base 15?
-96
-4510 (base 7) to base 9
-2204
Convert 571 (base 12) to base 3.
1002211
What is 1562 (base 9) in base 8?
2246
137a (base 11) to base 13
a70
What is -146 (base 10) in base 5?
-1041
Convert -1140 (base 5) to base 14.
-c2
6248 (base 12) to base 7
43142
3589 (base 11) to base 8
11127
Convert -1101010101111 (base 2) to base 4.
-1222233
What is -16a8 (base 12) in base 16?
-aa0
4113 (base 9) to base 13
14a6
-122101 (base 3) to base 14
-257
Convert 1196 (base 11) to base 7.
4353
Convert -584 (base 11) to base 9.
-854
What is 19727 (base 10) in base 14?
7291
227 (base 11) to base 4
10033
3273 (base 13) to base 9
10563
-20001200 (base 3) to base 13
-201c
-86a (base 13) to base 3
-1222100
-b5 (base 12) to base 4
-2021
-5022 (base 6) to base 9
-1445
What is 3301 (base 4) in base 9?
287
Convert 84b (base 13) to base 3.
1221102
Convert -1238 (base 16) to base 15.
-15ae
Convert 119a2 (base 14) to base 4.
22200322
-4be3 (base 15) to base 2
-11111100111100
What is -1110 (base 8) in base 16?
-248
-809 (base 11) to base 2
-1111010001
What is -31138 (base 10) in base 13?
-11233
2308 (base 10) to base 14
bac
-28072 (base 9) to base 10
-19019
-998 (base 13) to base 14
-858
Convert -13948 (base 11) to base 14.
-72c7
8101 (base 9) to base 4
1130122
1020210 (base 3) to base 15
40c
-2908 (base 13) to base 16
-1723
101010111 (base 2) to base 5
2333
-22040 (base 5) to base 13
-8cc
What is 169 (base 12) in base 16?
e1
What is -1326 (base 13) in base 14?
-dd6
Convert 20614 (base 7) to base 6.
35351
Convert 2022112000 (base 3) to base 2.
1011001000001000
Convert 48a (base 11) to base 2.
1001000110
-177 (base 8) to base 6
-331
What is 2626 (base 9) in base 5?
30333
What is -1ba (base 15) in base 16?
-190
Convert -10432 (base 7) to base 4.
-220330
What is -313342 (base 5) in base 12?
-6088
1745 (base 8) to base 12
6b1
3003 (base 5) to base 16
17a
-b3dd (base 14) to base 3
-1120110221
What is 70c (base 14) in base 5?
21014
-64376 (base 8) to base 14
-9b1c
-1200101121 (base 3) to base 6
-413111
43377 (base 8) to base 16
46ff
-79a (base 12) to base 16
-466
What is -22002002 (base 3) in base 5?
-142023
What is 1171 (base 13) in base 2?
100110011010
What is -66346 (base 9) in base 8?
-125771
Convert 326 (base 9) to base 15.
12c
Convert 13424 (base 5) to base 8.
2132
What is -358 (base 10) in base 16?
-166
Convert 463 (base 10) to base 5.
3323
Convert -11451 (base 6) to base 8.
-3227
10002 (base 6) to base 14
68a
Convert -1013432 (base 5) to base 3.
-211222002
28230 (base 9) to base 14
6d95
-3740 (base 8) to base 9
-2680
What is 334 (base 8) in base 5?
1340
Convert 441 (base 7) to base 2.
11100001
4061 (base 7) to base 5
21130
What is 1070 (base 10) in base 5?
13240
What is -22113 (base 4) in base 9?
-816
-3e6 (base 15) to base 8
-1573
481 (base 9) to base 3
112201
Convert 1a373 (base 15) to base 14.
2306a
-5222 (base 6) to base 5
-14131
What is -241550 (base 6) in base 13?
-982b
What is -cef5 (base 16) in base 8?
-147365
Convert -11222 (base 4) to base 12.
-262
-16423 (base 7) to base 3
-20102001
Convert 11101 (base 4) to base 6.
1321
21022 (base 5) to base 8
2553
Convert 220221 (base 3) to base 5.
10143
Convert 214 (base 15) to base 11.
397
What is 16 (base 12) in base 2?
100